{"id":370,"date":"2020-08-07T04:41:01","date_gmt":"2020-08-07T04:41:01","guid":{"rendered":"http:\/\/localhost\/demo\/?page_id=370"},"modified":"2025-07-14T11:05:08","modified_gmt":"2025-07-14T09:05:08","slug":"home-v16","status":"publish","type":"page","link":"https:\/\/letters2feel.de\/w\/","title":{"rendered":"Startseite"},"content":{"rendered":"<div class=\"wpb-content-wrapper\"><p>[vc_row full_width=&#8221;stretch_row&#8221; gap=&#8221;30&#8243; css=&#8221;.vc_custom_1724162384618{background-color: #e0e0e0 !important;}&#8221;][vc_column width=&#8221;1\/2&#8243;]<div class=\"sober-empty-space \" style=\"height: 80px\"><\/div>[vc_custom_heading text=&#8221;Erotische Geschichten&#8221; font_container=&#8221;tag:h1|font_size:62px|text_align:left|color:%2323232c|line_height:1.6875&#8243; use_theme_fonts=&#8221;yes&#8221; css=&#8221;.vc_custom_1724162433901{margin-bottom: 0px !important;}&#8221; separate_link=&#8221;yes&#8221;][vc_custom_heading text=&#8221;auf letters2feel&#8221; font_container=&#8221;tag:h2|font_size:32px|text_align:left|color:%2323232c|line_height:1.6875&#8243; use_theme_fonts=&#8221;yes&#8221; css=&#8221;.vc_custom_1724162444451{margin-bottom: 0px !important;}&#8221; separate_link=&#8221;yes&#8221;]<div class=\"sober-empty-space \" style=\"height: 80px\"><\/div>[\/vc_column][vc_column width=&#8221;1\/2&#8243;]<div class=\"sober-empty-space \" style=\"height: 140px\"><\/div>[vc_btn title=&#8221;Als Autor registrieren&#8221; color=&#8221;danger&#8221; size=&#8221;lg&#8221; align=&#8221;right&#8221; i_icon_fontawesome=&#8221;fas fa-feather&#8221; css=&#8221;&#8221; add_icon=&#8221;true&#8221; link=&#8221;url:%2Fw%2F%23register|title:Als%20Autor%20registrieren&#8221; el_class=&#8221;hide-loggedin&#8221;][\/vc_column][\/vc_row][vc_row][vc_column]<div class=\"sober-empty-space \" style=\"height: 70px\"><\/div>[\/vc_column][\/vc_row][vc_row full_width=&#8221;stretch_row_content_no_spaces&#8221;][vc_column width=&#8221;1\/6&#8243;][\/vc_column][vc_column width=&#8221;2\/3&#8243;][vc_row_inner gap=&#8221;10&#8243;][vc_column_inner width=&#8221;1\/3&#8243;][vc_custom_heading text=&#8221;Geschichte des Monats&#8221; font_container=&#8221;tag:h2|font_size:32px|text_align:center|color:%23ffffff|line_height:1.6875&#8243; use_theme_fonts=&#8221;yes&#8221; css=&#8221;.vc_custom_1750144573595{margin-bottom: 10px !important;background-color: #565656 !important;}&#8221; separate_link=&#8221;yes&#8221;]<div class=\"woocommerce columns-1 \"><\/div>[\/vc_column_inner][vc_column_inner width=&#8221;1\/3&#8243;][vc_custom_heading text=&#8221;Geschichte der Woche&#8221; font_container=&#8221;tag:h2|font_size:32px|text_align:center|color:%23ffffff|line_height:1.6875&#8243; use_theme_fonts=&#8221;yes&#8221; css=&#8221;.vc_custom_1750144579218{margin-bottom: 10px !important;background-color: #dd3333 !important;}&#8221; separate_link=&#8221;yes&#8221;]<div class=\"woocommerce columns-1 \"><\/div>[\/vc_column_inner][vc_column_inner width=&#8221;1\/3&#8243;][vc_custom_heading text=&#8221;Geschichte des Tages&#8221; font_container=&#8221;tag:h2|font_size:32px|text_align:center|color:%23ffffff|line_height:1.6875&#8243; use_theme_fonts=&#8221;yes&#8221; css=&#8221;.vc_custom_1750144584723{margin-bottom: 10px !important;background-color: #8c8c8c !important;}&#8221; separate_link=&#8221;yes&#8221;]<div class=\"woocommerce columns-1 \"><\/div>[\/vc_column_inner][\/vc_row_inner][\/vc_column][vc_column width=&#8221;1\/6&#8243;][\/vc_column][\/vc_row][vc_row full_width=&#8221;stretch_row_content_no_spaces&#8221;][vc_column width=&#8221;1\/6&#8243;][\/vc_column][vc_column width=&#8221;2\/3&#8243;][vc_custom_heading text=&#8221;Die neuesten erotischen Geschichten&#8221; font_container=&#8221;tag:h2|font_size:40px|text_align:center&#8221; use_theme_fonts=&#8221;yes&#8221; css=&#8221;.vc_custom_1724163172986{margin-bottom: 30px !important;}&#8221;]<div class=\"sober-product-grid sober-products sober-product-grid sober-products\"><div class=\"woocommerce columns-4 \"><\/div><\/div>[vc_btn title=&#8221;Alle Geschichten zeigen&#8221; color=&#8221;danger&#8221; size=&#8221;lg&#8221; align=&#8221;center&#8221; i_icon_fontawesome=&#8221;fas fa-feather&#8221; css=&#8221;&#8221; add_icon=&#8221;true&#8221; link=&#8221;url:%2Fw%2Fstories|title:Zeige%20alle%20Stories&#8221;][\/vc_column][vc_column width=&#8221;1\/6&#8243;][\/vc_column][\/vc_row][vc_row full_width=&#8221;stretch_row&#8221; gap=&#8221;35&#8243; full_height=&#8221;yes&#8221; css=&#8221;.vc_custom_1747205802377{background-color: #c12828 !important;}&#8221; el_id=&#8221;register&#8221;][vc_column width=&#8221;1\/2&#8243;][vc_column_text css=&#8221;&#8221;]<\/p>\n<h2 class=\"becomeslogan\" style=\"text-align: center;\"><span style=\"color: #ffffff;\">Registriere dich als Leser\/in<br \/>\nund erhalte die Funktionen:<\/span><\/h2>\n<p style=\"text-align: center; margin-top: -50px;\"><span style=\"color: #ffffff;\">Bewerten und Kommentieren<\/span><\/p>\n<p style=\"text-align: center; margin-top: -20px;\"><span style=\"color: #ffffff;\">Lesezeichen und Status gelesene Storys<\/span><\/p>\n<p style=\"text-align: center; margin-top: -20px;\"><span style=\"color: #ffffff;\">Autor\/in folgen, erhalte E-Mail Benachrichtigung<\/span><\/p>\n<p style=\"text-align: center; margin-top: -20px;\"><span style=\"color: #ffffff;\">Favoriten erstellen<\/span><\/p>\n<p>[\/vc_column_text][vc_text_separator title=&#8221;ODER&#8221; color=&#8221;custom&#8221; border_width=&#8221;2&#8243; el_width=&#8221;80&#8243; css=&#8221;.vc_custom_1724162773075{margin-top: 0px !important;margin-bottom: 0px !important;}&#8221; el_class=&#8221;anmelde-trenner&#8221; accent_color=&#8221;#6c0000&#8243;][vc_column_text css=&#8221;.vc_custom_1747245198800{margin-top: 50px !important;}&#8221;]<\/p>\n<h2 style=\"text-align: center;\"><span style=\"color: #ffffff;\">Werde Autor\/in<br \/>\nf\u00fcr erotische Geschichten!<\/span><\/h2>\n<p style=\"text-align: center; margin-top: -50px;\"><span style=\"color: #ffffff; text-align: center;\">Melde dich jetzt kostenlos an.<\/span><\/p>\n<p>[\/vc_column_text][\/vc_column][vc_column width=&#8221;1\/2&#8243; el_class=&#8221;wc_register_form&#8221;][vc_column_text css=&#8221;&#8221;]<div class=\"woocommerce\"><\/div>[\/vc_column_text][\/vc_column][vc_column][\/vc_column][\/vc_row][vc_row][vc_column width=&#8221;1\/4&#8243;][\/vc_column][vc_column width=&#8221;1\/2&#8243;]<div class=\"sober-empty-space \" style=\"height: 105px\"><\/div>[vc_custom_heading text=&#8221;Erotische Geschichten auf letters2feel&#8221; font_container=&#8221;tag:h2|font_size:40px|text_align:center&#8221; use_theme_fonts=&#8221;yes&#8221; css=&#8221;.vc_custom_1724161845821{margin-bottom: 30px !important;}&#8221;][vc_column_text css=&#8221;&#8221;]<\/p>\n<p style=\"text-align: center;\">letters2feel ist Deine Erotik- und Sexgeschichten Seite Nummer eins. Ob kurze Quickie Geschichten oder langanhaltende Serien von Geschichten, die aufeinander aufbauen. Bei Letters2feel werden Deine W\u00fcnsche aufs Beste befriedigt. Dabei ist es egal, ob Du auf sanften und soften Sex stehst oder Du gerne harten und dominanten Sex bevorzugst. Alle Fetische werden bedient und sehr detailliert beschrieben, so dass Du beim Lesen der unz\u00e4hligen erotischen Geschichten definitiv auf Deine Kosten kommst \u2013 Apropos Kosten, das Beste ist, alle Sexgeschichten auf Letters2feel sind komplett kostenlos und sofort abrufbar. Worauf wartest Du noch? Bist Du ein Fan von Analsex? Dann lies Dir doch gerne durch, wie die Studentin aus dem Wohnheim gegen\u00fcber r\u00fcberkam, mit einem Analplug in der Hand, um durchgenommen zu werden. Du wirst in den verschiedenen Geschichten durchlesen wie sexy, intensiv und geil der Analsex f\u00fcr die verschiedenen Darsteller war, dabei wirst Du mit in den Bann gezogen und f\u00fchlst Dich selber immer mehr als Teil dieser erotischen Geschichten und wirst jedes Wort, doppelt so intensiv versp\u00fcren als bei anderen Geschichten. Der Gedanke von b\u00f6sem, moralisch verwerflichen Sex turnt Dich und Deine Sinne an? Kein Problem, Du wirst Silbe f\u00fcr Silbe mitbekommen, wie eine wundersch\u00f6ne Frau von Ihrem eigenen Stiefonkel durchgev\u00f6gelt wird oder die reife Frau unserer Tr\u00e4ume, den unwissenden und unerfahrenen jugend Mann mit allen Regeln der Kunst begl\u00fcckt. In unseren Fantasien existieren keine Tabus. Wer tr\u00e4umt nicht davon mehrere Frauen zu ficken oder von mehreren M\u00e4nnern durchgenommen zu werden? Oder doch lieber eine ganz andere Konstellation? Ganz egal wie Du es selber gern h\u00e4ttest, in unseren erotischen Gruppensexgeschichten wirst Du nach dem Lesen den unfassbaren Drang versp\u00fcren selber die gelesenen Dinge auszuprobieren und umzusetzen zu wollen.<\/p>\n<p>[\/vc_column_text][\/vc_column][vc_column width=&#8221;1\/4&#8243;][\/vc_column][\/vc_row][vc_row][vc_column width=&#8221;1\/4&#8243;][\/vc_column][vc_column width=&#8221;1\/2&#8243;]<div class=\"sober-empty-space \" style=\"height: 50px\"><\/div>[vc_custom_heading text=&#8221;Erotik Geschichten f\u00fcr die Ohren&#8221; font_container=&#8221;tag:h2|font_size:40px|text_align:center&#8221; use_theme_fonts=&#8221;yes&#8221; css=&#8221;.vc_custom_1724161889339{margin-bottom: 30px !important;}&#8221;][vc_column_text css=&#8221;&#8221;]<\/p>\n<p style=\"text-align: center;\">Unsere erotischen und packenden Geschichten, kannst Du Dir auch anh\u00f6ren. Schnapp Dir doch vielleicht Deine Kopfh\u00f6rer, lehne Dich zur\u00fcck und tauche in die Welt der puren Lust ein. F\u00fcr den Moment kannst Du von Deinem stressigen Alltag abschalten und in wilde Erotik abtauchen. Alle Geschichten sind h\u00f6rbar und stehen f\u00fcr Dich kostenlos und ohne Anmeldung f\u00fcr Dich zur Verf\u00fcgung. So bleiben bei Letters2feel keine W\u00fcnsche mehr offen.<\/p>\n<p>[\/vc_column_text][\/vc_column][vc_column width=&#8221;1\/4&#8243;][\/vc_column][\/vc_row][vc_row][vc_column width=&#8221;1\/4&#8243;][\/vc_column][vc_column width=&#8221;1\/2&#8243;]<div class=\"sober-empty-space \" style=\"height: 50px\"><\/div>[vc_custom_heading text=&#8221;Sexgeschichten geben Dir Inspirationen, auch als eBook&#8221; font_container=&#8221;tag:h2|font_size:40px|text_align:center&#8221; use_theme_fonts=&#8221;yes&#8221; css=&#8221;.vc_custom_1724161924258{margin-bottom: 30px !important;}&#8221;][vc_column_text css=&#8221;&#8221;]<\/p>\n<p style=\"text-align: center;\">Das Sch\u00f6ne an den Erotikgeschichten von Letters2feel ist, dass Fantasien keine Grenzen gesetzt sind. Dank dieser unbegrenzten Fantasie, k\u00f6nnen wir unseren eigenen Horizont erweitern und viele Dinge selber ausprobieren. In unseren Geschichten decken wir viele Fetische ab und erz\u00e4hlen Dir detailliert und ohne ein Blatt vor den Mund zu nehmen, was die Protagonisten w\u00e4hrend der Geschichte erleben. Vielleicht schaffen wir es auch bei Dir, Dich mit unseren Geschichten zu inspirieren. Unsere besten Storys sind auch als eBook f\u00fcr unterwegs erh\u00e4ltlich.<\/p>\n<p>[\/vc_column_text]<div class=\"sober-empty-space \" style=\"height: 50px\"><\/div>[\/vc_column][vc_column width=&#8221;1\/4&#8243;][\/vc_column][\/vc_row]<\/p>\n<\/div>","protected":false},"excerpt":{"rendered":"<p>[vc_row full_width=&#8221;stretch_row&#8221; gap=&#8221;30&#8243; css=&#8221;.vc_custom_1724162384618{background-color: #e0e0e0 !important;}&#8221;][vc_column width=&#8221;1\/2&#8243;][vc_custom_heading text=&#8221;Erotische Geschichten&#8221; font_container=&#8221;tag:h1|font_size:62px|text_align:left|color:%2323232c|line_height:1.6875&#8243; use_theme_fonts=&#8221;yes&#8221; css=&#8221;.vc_custom_1724162433901{margin-bottom: 0px !important;}&#8221; separate_link=&#8221;yes&#8221;][vc_custom_heading text=&#8221;auf letters2feel&#8221; font_container=&#8221;tag:h2|font_size:32px|text_align:left|color:%2323232c|line_height:1.6875&#8243; use_theme_fonts=&#8221;yes&#8221; css=&#8221;.vc_custom_1724162444451{margin-bottom: 0px !important;}&#8221; separate_link=&#8221;yes&#8221;][\/vc_column][vc_column width=&#8221;1\/2&#8243;][vc_btn title=&#8221;Als Autor registrieren&#8221; color=&#8221;danger&#8221; size=&#8221;lg&#8221; align=&#8221;right&#8221;&hellip;<\/p>\n","protected":false},"author":1,"featured_media":0,"parent":0,"menu_order":0,"comment_status":"closed","ping_status":"closed","template":"templates\/homepage.php","meta":{"footnotes":""},"class_list":["post-370","page","type-page","status-publish","hentry"],"_links":{"self":[{"href":"https:\/\/letters2feel.de\/w\/wp-json\/wp\/v2\/pages\/370","targetHints":{"allow":["GET"]}}],"collection":[{"href":"https:\/\/letters2feel.de\/w\/wp-json\/wp\/v2\/pages"}],"about":[{"href":"https:\/\/letters2feel.de\/w\/wp-json\/wp\/v2\/types\/page"}],"author":[{"embeddable":true,"href":"https:\/\/letters2feel.de\/w\/wp-json\/wp\/v2\/users\/1"}],"replies":[{"embeddable":true,"href":"https:\/\/letters2feel.de\/w\/wp-json\/wp\/v2\/comments?post=370"}],"version-history":[{"count":59,"href":"https:\/\/letters2feel.de\/w\/wp-json\/wp\/v2\/pages\/370\/revisions"}],"predecessor-version":[{"id":850,"href":"https:\/\/letters2feel.de\/w\/wp-json\/wp\/v2\/pages\/370\/revisions\/850"}],"wp:attachment":[{"href":"https:\/\/letters2feel.de\/w\/wp-json\/wp\/v2\/media?parent=370"}],"curies":[{"name":"wp","href":"https:\/\/api.w.org\/{rel}","templated":true}]}}